z) be the first derivative of z**5/60 - z**3/2 + 43*z**2/2 + 11. Let b(n) be the second derivative of h(n). Calculate b(4).
13
Let l(s) = -s**3 - 6*s**2 - 3*s - 12. Let g(j) = -j**2 + 188*j + 1156. Let u be g(-6). Determine l(u).
140
Let x(g) = 5*g**3 + 3*g**2 - 6*g - 3. Suppose 15*s = 9*s + 24. Let v(n) = -n**3 - n**2 + n. Let f(m) = s*v(m) + x(m). Determine f(-2).
-11
Let d = 233 - 233. Suppose f - 2*f = d. Let g(p) = p**3 - p**2 - p. Determine g(f).
0
Let f(a) be the third derivative of a**8/20160 - a**7/720 - 7*a**6/720 + 7*a**5/60 + a**2 - 23. Let z(j) be the third derivative of f(j). Calculate z(6).
-13
Let k(j) be the third derivative of j**5/60 - 2*j**4/3 + 25*j**3/6 + 1359*j**2 - 2*j. Determine k(15).
10
Let x(r) = -7*r - 15. Let q = 43622 - 43623. What is x(q)?
-8
Let h(y) = -7 + 0 - 2 + 8. Let l(x) = -x**3 + 6*x**2 - 6*x + 3. Let q(c) = -2*h(c) - l(c). Suppose 5*i = -0*i + 25. Determine q(i).
4
Let s(l) = -701797*l**2 + 350897*l**2 + 350899*l**2 - 11*l - 1. Suppose 4*c + 5*w + 80 = -c, -70 = 5*c + 3*w. Determine s(c).
-1
Suppose 0 = 5*a - 10, -a = 2*u + 3*u - 162. Suppose 0 = -31*x + u*x + 35. Let t = -32 - x. Let j(i) = -3*i - 3. Determine j(t).
-12
Let i = -180 - -407. Let b = -222 + i. Let k(u) = u**2 + u + 2. Give k(b).
32
Let x = 86 - 98. Let u(d) = -d**3 - 12*d**2 - 2*d - 16. Let n be u(x). Let b(s) = n*s**2 - 2*s - 6*s**2 + 3*s. Give b(-1).
1
Let k = 26 - 116. Let j = k + 78. Let r(c) = c + 12. Give r(j).
0
Let w(x) be the first derivative of -21*x**2/2 + 7*x - 829. Give w(0).
7
Let u = 145 + -79. Let g(n) = -5*n**2 - 3*n + n**3 - 32 + u - 28. Give g(5).
-9
Let x(m) be the third derivative of -m**5/30 - m**4/2 - 3*m**3/2 - 1747*m**2. Calculate x(-4).
7
Let z(o) be the third derivative of -o**5/20 - o**4/2 - o**3/3 - 109*o**2 + 3*o. What is z(-4)?
-2
Let d(q) = 4*q**3 - 13*q**2 - 13*q. Let j be d(4). Let o(s) = 7*s - 8. Determine o(j).
-36
Suppose 46*o + 80*o + 4*o = 520. Let w(a) = 39*a - 2*a**2 - 3 - 16*a - 20*a. Give w(o).
-23
Let t(r) = 7*r**2 + 16*r - 143. Let q(b) = 5*b**2 + 16*b - 142. Let y(x) = 3*q(x) - 2*t(x). Let w(g) be the first derivative of y(g). Calculate w(-8).
0
Let g = 26 + -21. Let r(u) = u**3 - 5*u**2 + 3*u - 13. Let v be r(g). Let m(k) = -k - 1 - v - 4 + 2*k. Calculate m(6).
-1
Suppose 0 = -98*b + 88*b - 40. Let z(y) = -5*y + 13. Give z(b).
33
Let v = -3 - -9. Let g be (69 - 1) + -9 + v. Let s(p) = g - 123 - 9*p + 59. Give s(-1).
10
Let s be (24/9)/(44/231). Let r be s*-2*(-2)/(-8). Let b(d) = d**3 + 6*d**2 - 9*d - 15. Give b(r).
-1
Let p(q) = -23*q + 18. Suppose -3*n + 28 = 19, -3*d - 3*n = -12. Determine p(d).
-5
Let r(i) = -i**3 + 9*i**2 + 23*i - 6. Let m be r(11). Suppose m*n = -1 + 11. Let z(c) = 6*c**2 + 4*c**2 - 22*c**n + 5*c + 11 + 11*c**2. Determine z(8).
-13
Let p(c) = -8*c - 23. Let l be p(-3). Let f(t) = 2 + 1 + 3*t + 5731*t**2 - 5734*t**2 - l. Give f(2).
-4
Let m(n) = 2*n - 3. Let q(p) = -14*p + 28. Let c(w) = -7*w + 14. Let g(d) = 13*c(d) - 6*q(d). Let j be g(-4). Suppose -j = -5*k - 17. Give m(k).
7
Let q be ((-6)/(-7))/(380/(-1330)). Let z(w) = -2*w**3 - 5*w**2 - 10. Determine z(q).
-1
Let d(z) = -141 + 134*z**2 - z**3 - 202*z + 251*z - 89*z**2. Determine d(46).
-3
Let j(y) = -y**2 + 420*y - 15873. Let p be j(42). Let o(u) = 2*u**2 + 4*u**3 + 4 - u**3 - 4*u**3. What is o(p)?
-5
Let j be (4 - 1)*(3 + (-1 - 1)). Let k(o) = -84*o**2 + o**j + 170*o**2 - 85*o**2 + 11 - o. Suppose 5*d - 20 = 4*t, 11 = 4*d + 5*t + 36. Calculate k(d).
11
Suppose 0 = -6*y + 165 + 201. Let z = 64 - y. Let q(f) = -z*f + 4*f - 4*f**2 + 3*f + 3 - 2*f. Determine q(-2).
-17
Let n(g) be the first derivative of -15*g**2/2 - 28*g - 132. Let m(u) = 7*u + 13. Let c(j) = 13*m(j) + 6*n(j). What is c(-2)?
-1
Let d(q) = -2*q**2 + 17*q - 5. Let l(h) = 103*h**3 - 8*h + 7. Let a be l(1). Suppose -62 + a = 5*b. What is d(b)?
3
Let u be 8/2*144/(-96). Let t be ((-105)/(-25) + -3)/(u/(-45)). Let a(n) = n**3 - 9*n**2 - 2*n + 8. Give a(t).
-10
Let m(n) = 3*n**2 - 3*n. Let x = 2064 + -2062. Give m(x).
6
Let c(u) = 5*u**3 + 21*u**2 - 11*u + 7. Let d(g) = 3*g**3 + 14*g**2 - 7*g + 5. Let n(s) = -5*c(s) + 8*d(s). Let x = 530 + -210. Let a = 327 - x. Determine n(a).
-2
Suppose 58*q - 99 = -389. Let a(l) = -2*l**2 - 14*l - 20. Give a(q).
0
Suppose 1733 = 92*u - 1027. Let i(f) = f**3 - 32*f**2 + 58*f + 47. Calculate i(u).
-13
Let h be 14 + -12 + 5 + 1. Let d(g) = -2 - 3 + 11*g + 73*g**2 - 134*g**2 + 60*g**2. What is d(h)?
19
Suppose 5*f = -3*a + f - 22, 9*a + 116 = -2*f. Let i(k) = -k**3 - 13*k**2 + 12*k - 34. Calculate i(a).
-6
Let g(h) be the first derivative of -h**4/4 - 4*h**3/3 + 5*h**2/2 - 10*h + 1446. Calculate g(-5).
-10
Let b(z) = -5*z + 1. Let w(k) = -k**3 + 11*k**2 - 17*k - 5. Let n be w(9). Suppose 3*g = 7*g + n. Give b(g).
6
Let l be (-7 - -3) + (9 - 3). Let j(q) = 0 + 5 - 69*q**2 - 6*q + 63*q**2 - 3*q**3 + l*q**3. Calculate j(-5).
10
Let s(w) be the third derivative of w**5/60 + w**4/3 - w**3/3 - 16*w**2. Let c(b) = -16*b + 1015. Let p be c(64). Give s(p).
7
Let x = 712 - 706. Let c(b) = 5*b - 7*b - 7 - 5*b + x*b. Calculate c(10).
-17
Let s be (1 + 33/(-22))*6. Let f(h) = -8*h - 4. What is f(s)?
20
Let k(l) = 12*l - 4. Let v(u) = 71*u - 27. Let x(i) = 6*k(i) - v(i). What is x(3)?
6
Let y be (-21 - -3)/((-6)/8). Let j(z) = 5*z + y - 18 - 6*z. What is j(10)?
-4
Let b = -5 + 6. Let q(d) = d**2 - 12. Let u(z) = -1. Let p(j) = b*q(j) - 6*u(j). Let i be p(3). Let k(f) = f**2 + 3. Give k(i).
12
Let p(o) = o**2 + 19*o - 45. Let r be 1/((10/(120/(-12)))/19). Give p(r).
-45
Let i be (12/(-30))/((-8)/20). Let g(w) = -i - 2 - 5 + 38*w - 1 - 39*w. Determine g(-11).
2
Let b(v) = 0*v - 39 + 5*v + 44. Let y(z) = 7*z**2 + 19*z - 13. Let x be y(4). Let w = 179 - x. Calculate b(w).
25
Let t(m) = -m**2 + 3*m - 5. Let j be (6/(-4))/((-22)/396*9). What is t(j)?
-5
Let d(j) = 4 + 7*j**3 - j**2 - 10*j - 6*j**3 - 2*j**2. Let s(f) = f. Let i(c) = d(c) + 6*s(c). Let n(k) = 2*k**2 - k + 4. Let t be n(0). What is i(t)?
4
Suppose -27*x - 18*x = -3*x + 546. Let k(f) = -4*f - 2. What is k(x)?
50
Let p(l) = -l**3 + 3*l**2 + 4*l - 2. Let d(k) = -7*k - 25. Let x be d(-12). Let t = x - 13. Let z be t/69 - 20/(-6). Calculate p(z).
-2
Let b = 9944 - 9944. Let i(u) be the first derivative of 0*u - 1/2*u**2 + 0*u**3 - 1/4*u**4 - 3. Give i(b).
0
Let o(q) = q**2 - 116*q + 2479. Let c be o(88). Let b(k) be the first derivative of -k**4/4 + 16*k**3/3 - 8*k**2 + 16*k + 3. Give b(c).
1
Let h be (-2)/(-4) + (-5)/(-2). Let u(p) be the first derivative of p**3/3 - 2*p**2 - p + 4959. What is u(h)?
-4
Let u = -11 - -12. Let v(a) be the third derivative of 1/30*a**5 + 0 - 5*a**2 - 1/12*a**4 + 1/6*a**3 - 19/120*a**6 + 0*a. What is v(u)?
-18
Let i(k) = -3*k**2 - 9*k + 11. Let r(l) be the third derivative of 2*l**5/15 + 13*l**4/12 - 16*l**3/3 - 68*l**2. Let x(g) = -11*i(g) - 4*r(g). What is x(7)?
21
Let k = 6876 - 6873. Let o(y) be the third derivative of y**6/120 - y**5/15 + y**4/8 - 2*y**3/3 + 2*y**2. What is o(k)?
-4
Suppose 0 = -232*h + 57*h - 350. Let b(q) = q**3 + 5*q**2 + 3*q + 1. Give b(h).
7
Let g be ((-322)/28)/(1/(-2)). Suppose -g*c + 27*c - 28 = 0. Let n(w) be the first derivative of -w**3/3 + 3*w**2 + 10*w - 2. Calculate n(c).
3
Suppose -12*y + 197 - 77 = 0. Let j(v) be the first derivative of -v**2/2 + 2*v + 63. What is j(y)?
-8
Let b(i) = 551*i**2 + 4 - 1657*i**2 + 551*i**2 - 13*i + 556*i**2. Calculate b(10).
-26
Suppose -3*b - 6*l = -4*l - 15, 0 = 2*b + 4*l - 2. Let k(y) = -2*y**2 + 15*y - 9. Give k(b).
-2
Let a(l) = -l + 79. Let i be a(20). Suppose 7*v = -10 + i. Let f(s) = -s + 6. Determine f(v).
-1
Let w = 16102 - 16073. Let q(k) be the third derivative of 0 - 1/24*k**4 + k**3 + w*k**2 + 0*k. Give q(12).
-6
Let n(o) be the second derivative of o**4/12 - 2*o**3/3 - 4*o**2 - 9*o. Let m be (-1 - -1)*(-4)/(-8). Suppose 10 = g + 4*v, 10 = 2*g - m*g - 2*v. Give n(g).
4
Let x(m) = 13*m**2 - 34. Let z(j) = 69*j**2 + 7*j - 169. Let i(g) = 11*x(g) - 2*z(g). Calculate i(5).
19
Let i = -18 + 23. Suppose 3 = -5*w + d, -2*w - i*d + 7 = -8. Let p(g) = -g**3 - g**2 + g + 8. What is p(w)?
8
Let c(l) be the first derivative of l**4/4 - 11*l**3/3 + 25*l**2/2 - 17*l + 1284. Calculate c(5).
-42
Suppose -798 = -144*k + 354. Let l(c) = 2*c**3 - 15*c**2 - 6*c - 16. Determine l(k).
0
Le